 + -53. Calculate the highest common divisor of c and o.
2
Let x be (0/(-1))/(-1) + 1 - -24. Calculate the greatest common factor of 5 and x.
5
Let g be -1 - (6/2 + -16). Suppose -p + 33 + g = 0. What is the highest common divisor of p and 18?
9
Let k(x) = x + 9. Let b be k(0). Let l = -40 - -121. Calculate the highest common factor of b and l.
9
Let g be (-8)/(-20) - 53/(-5). Let r be 77*(0 - 2/(-2)). Calculate the greatest common factor of g and r.
11
Let r = 46 - -15. Calculate the greatest common factor of r and 305.
61
Let z = 37 + -17. Let u(a) = -6*a**3 - 2*a**2 - 2*a - 1. Let d be u(-1). What is the greatest common divisor of z and d?
5
Suppose 3*h - 12 = h - 2*j, h + 4*j - 12 = 0. Let s(x) = -x**2 + 9*x - 14. Let g be s(6). Calculate the highest common divisor of g and h.
4
Suppose 14 - 2 = 4*a. Suppose 3*t = 14 + 1. Suppose 4*h = -4, -28 = -t*d + h + 93. What is the greatest common divisor of a and d?
3
Suppose -6*k = -7*k + 40. Calculate the greatest common factor of k and 60.
20
Let d = 78 - 73. Calculate the highest common factor of d and 2.
1
Let r be (1/3)/((-9)/(-162)). Suppose 2*l - 5*l + 198 = 0. Calculate the highest common factor of r and l.
6
Let s(y) = 20*y - 1. Let q be s(5). Suppose -2*i = -4*i. Suppose i = 3*p + p - 36. What is the greatest common factor of q and p?
9
Let r(n) = 40*n**2 - n - 1. Suppose 8*z - 3*z + 5 = 0. Let l be r(z). Calculate the greatest common factor of 8 and l.
8
Suppose 0 = -b - 3*b + 172. Suppose 5*t = b + 2. Suppose 4*u + 5*c - t = 31, -5*u - 2*c + 50 = 0. Calculate the greatest common divisor of 90 and u.
10
Suppose -4*r + 16 = 0, -3*k + 30 = r + 2*r. Let p be 3*(62/k)/(-1). Let c = p - -44. Calculate the highest common divisor of 52 and c.
13
Let f = 14 - -3. What is the highest common factor of f and 153?
17
Let s be (-4)/(7/((-70)/4)). Let a be (4/8)/(2/40). Calculate the greatest common factor of a and s.
10
Suppose -4*s - 92 = -3*x, 2*x + 84 = -5*s - 31. Let u = s + 41. Let y(v) = v**3 - 4*v**2 - 9*v + 9. Let q be y(6). What is the highest common factor of u and q?
9
Let n = 245 + -164. Let w be (8/(-1))/(-1 - 1). Let q be ((-24)/20)/(w/(-30)). Calculate the highest common factor of n and q.
9
Suppose 5*h - 64 - 26 = 0. Calculate the highest common divisor of 126 and h.
18
Suppose -2*q + 1 + 27 = 0. Calculate the greatest common factor of q and 7.
7
Let x(c) = -3*c**3 - 2*c**3 + 8 + 6*c**3 - 3*c - 5*c - 6*c**2. Let d be x(8). What is the greatest common factor of d and 9?
9
Suppose 5*f - 5 = -0. Suppose -5*o = p, 3*o + p = 5*o. Suppose l = 11 - o. What is the highest common divisor of f and l?
1
Let g be 9/18*(12 + 0). Let m be 566/g + (-10)/(-15). Calculate the greatest common factor of 19 and m.
19
Let a(y) = 2*y - 2. Let o be a(2). Let z be (-75)/((-2)/2) + o. What is the highest common factor of z and 7?
7
Let b(g) = 2*g**2 + 4*g + 10. Let h be b(-7). Suppose 6*c = c + h. Suppose v = -3*o + 2, -5*v - 3*o + 0*o = -10. Calculate the highest common factor of c and v.
2
Suppose 0 = -3*o - 5*o + 120. What is the highest common divisor of 5 and o?
5
Suppose s + 2*m + 76 = 2*s, 3*s = 4*m + 236. Calculate the highest common divisor of s and 12.
12
Suppose 2*f = 3*f. Let r be (-434)/(-10) - 6/15. Suppose -3*g + s + 75 = -r, 4*g - 5*s - 150 = f. Calculate the highest common divisor of 10 and g.
10
Suppose 0*h + 150 = 6*h. Calculate the highest common divisor of h and 200.
25
Let s(m) be the first derivative of m**2/2 - 8*m - 2. Let u be s(10). Suppose -c = -9 - u. What is the greatest common divisor of 99 and c?
11
Let v = 8 + 96. What is the highest common divisor of v and 13?
13
Let m = 33 - 17. Suppose 5*v + 5*y = 10, -y - 26 = -5*v + 8. Suppose v*g - 2*g = 448. What is the highest common factor of m and g?
16
Let l be -1 + 0 + 1 + 2. Suppose 4*c + 0 = -l*w + 8, -4*w + 31 = 3*c. Suppose -115*x + 20 = -114*x. What is the highest common factor of x and w?
10
Let b(a) = a**3 + 5*a**2 - 8*a. Let n be b(-6). Calculate the greatest common factor of 108 and n.
12
Let q be 4*1 - (-1)/1. Let x(s) = s**2 - 2*s + 7. Let a be x(4). Calculate the highest common divisor of a and q.
5
Let d = -20 + 12. Let v be 10/d*(-43 - -3). What is the highest common divisor of v and 25?
25
Let u(l) = -l - 2. Let o be u(-6). Let n be (-2271)/(-12) - 1/o. What is the greatest common factor of n and 21?
21
Suppose 5*l - 5 = 3*h - 18, 5*h = -3*l - 1. Let s(r) = 2*r**2 + r. Let g be s(h). Calculate the greatest common factor of g and 24.
3
Suppose -4*q + 3*q + 66 = 0. Suppose 0*s - q = 3*s. Let f = 37 + s. Calculate the greatest common factor of f and 3.
3
Let t = -5 + 13. What is the greatest common factor of 20 and t?
4
Let c(i) = -i**2 + 6*i + 1. Let p be c(5). Suppose -5*z = 4*v - 236, 0 = 5*v - 3*z + 63 - 321. What is the greatest common divisor of p and v?
6
Let i(s) = s**3 - s**2 + 2. Let m = 8 + -5. Let r be i(m). Calculate the highest common divisor of r and 20.
20
Suppose 4*t - 72 = -4*m, 3*m + 2*t - t = 58. Calculate the highest common factor of 100 and m.
20
Suppose -5*b + 0*b + 40 = 0. What is the highest common factor of 136 and b?
8
Suppose 5*f = 3*f. Let a(n) = -n**3 - n**2 + 9. Let t be a(0). Let x be (t + f)/(6/28). Calculate the highest common factor of x and 14.
14
Suppose 0 = l - 5 + 1. Suppose 15*t - 11*t - 80 = 0. Calculate the highest common factor of l and t.
4
Let f = 13 - -9. Suppose 2*s = -4*r + 2*r + 10, -s + 5*r = 1. Suppose -g + 6*g = -5*b + 65, 3*g = s*b + 25. What is the greatest common factor of f and g?
11
Suppose 16 = -3*c + w, -8 = 3*c - 0*c - 5*w. Let h(r) = -r**2 - 5*r + 4. Let b be h(c). Let q be (b/2)/(1/(-6)). Calculate the highest common factor of 3 and q.
3
Let h(r) = 2*r**3 + 9*r**2 - 3*r + 3. Let x be h(-4). Calculate the highest common divisor of x and 31.
31
Let c = -1 + -18. Let d = -9 - c. What is the highest common factor of d and 10?
10
Let s = 61 + -40. Calculate the greatest common divisor of 147 and s.
21
Let j(k) = -14*k - 4. Let o be j(-17). Calculate the highest common divisor of 18 and o.
18
Let w = 20 - 11. What is the greatest common factor of 81 and w?
9
Suppose 3*p + 48 + 15 = 0. Let x = p + 29. Calculate the highest common factor of x and 32.
8
Let l be ((-24)/10)/((-9)/30). Let k(q) = q**2 + q. Let b be k(3). What is the highest common factor of b and l?
4
Let i = 1 - -35. Suppose -9 - 152 = p. Let u be p/(-3) - (-2)/6. Calculate the highest common factor of i and u.
18
Let u = -10 - -17. Suppose -5*r + 4*r = -28. Calculate the greatest common divisor of u and r.
7
Let o(f) = f. Let g(s) = -19. Let c(w) = -g(w) + o(w). Let k be c(-10). What is the greatest common factor of k and 72?
9
Suppose -f + 36 = 4*h - 12, 3*h = 4*f + 17. Suppose 2*o + 3 = -1. Let k be (o - -7)*4/20. Calculate the greatest common divisor of h and k.
1
Suppose -2*b - 42 = -9*b. Calculate the highest common divisor of 4 and b.
2
Let l = -43 + 15. Let w be (-120)/l - (-2)/(-7). What is the greatest common factor of w and 28?
4
Suppose 0 = 7*l - 28*l + 1113. Calculate the highest common divisor of l and 212.
53
Suppose 19 - 51 = 4*n. Let h = 13 + n. Suppose h*i - 583 = 2*t, -3*i + 3*t = -0*t - 348. What is the highest common divisor of i and 13?
13
Let m be 4 + 9 + (0 - 4/(-2)). What is the greatest common divisor of m and 15?
15
Let b(a) = -a**2 - 4*a + 83. Let h be b(-11). Suppose i + 21 = 87. What is the greatest common factor of h and i?
6
Let k(n) = 3*n**2 - 5*n + 10. Let u be k(-7). Let x = -27 + 51. What is the greatest common divisor of u and x?
24
Let h = -7 - -43. Calculate the highest common divisor of 54 and h.
18
Suppose 2*g = 4*v + 24, v + 10 = -3*g - 3. Let q = 10 + v. Suppose 3*m + 145 = 4*w - 169, -3*m = -q*w + 237. Calculate the greatest common factor of 11 and w.
11
Let b = 174 - -112. What is the highest common factor of 26 and b?
26
Let o(n) = 5*n. Let f be o(6). Suppose 5*l - 60 = -a, 132 = 3*a - 2*l + l. Calculate the greatest common divisor of f and a.
15
Let h = 9 + -4. Suppose -k = -6*m + 3*m + 46, 3*k = 3*m - 48. What is the highest common divisor of m and h?
5
Let g be 14/3 + 4/12. Let v(n) = n**3 - 6*n**2 + 5*n + 5. Let i be v(g). Suppose i*l + 18 = 168. Calculate the greatest common factor of l and 10.
10
Let w = -220 + 836. Suppose -m + 9*l + 220 = 4*l,